me number?
False
Suppose 7 = 3*h - 2*h. Let t(w) = 8*w**2 + w**2 + 10*w**3 - 5 + 6*w - 9*w**3. Is t(h) a prime number?
True
Suppose 5*i - 432 = 2*v + 44, -5*v - 1252 = 3*i. Suppose -4*p + 32 = -5*u, 0*u - 5*p - 5 = 5*u. Is v/(-2) - (u - -1) a prime number?
True
Let c = 38 + -9. Suppose -p = -2*h - 4, -4*p + 6 = h - 1. Let x = p + c. Is x a prime number?
True
Let z(x) = x**2 + 12*x + 13. Let l be z(-11). Suppose -1 = -g - 3, k = -l*g + 33. Suppose -i = -3, j + i = -i + k. Is j composite?
False
Let b(y) = 2*y - 10. Let v be b(7). Let x = -21 + 27. Suppose 0 = v*i + 2*t - 1522, -15 = t - x*t. Is i a prime number?
True
Let k(j) = -j**3 - 2*j**2 - 11*j - 29. Is k(-11) a composite number?
False
Is (6 - 11)*1 + 2423 + 1 composite?
True
Suppose u + 27100 = -2*n + 5*n, -9030 = -n - 3*u. Is n a composite number?
True
Is 44*((-4770)/24)/(-15) a composite number?
True
Let f(m) = 7*m**2 - 11*m + 43. Is f(14) prime?
False
Suppose 0 = 3*q - 2571 + 828. Suppose t = 8*t - q. Is t a composite number?
False
Let f(b) = 94*b**2 - b + 47. Is f(14) a prime number?
True
Let a = 56 + 3167. Is a prime?
False
Suppose 3*h - 39 = -j + h, h = -2*j + 69. Is (-1611)/2*(-22)/j a composite number?
True
Let n(f) = f**3 + 6*f**2 + 5*f + 1. Let j be n(-4). Let y = j - 32. Let q = y - -30. Is q a composite number?
False
Let p = -15 + 23. Suppose 0 = 2*d - p. Suppose 0*i - 29 = -i + 2*r, 4*i - 104 = d*r. Is i a prime number?
True
Let k = -477 - -1538. Is k prime?
True
Let s = 4974 - 2728. Is s composite?
True
Suppose y + 237 - 909 = 0. Let g be 3/((-5)/((-9080)/(-12))). Let b = g + y. Is b composite?
True
Let h(b) = b**3 - b. Let y(u) = -25*u**3 + 11*u - 3. Let o(a) = -5*h(a) - y(a). Is o(4) composite?
False
Let b(f) = 179*f**2 - 13*f - 43. Is b(5) composite?
True
Let h(v) = v**3 - 2*v**2 - 3*v + 4. Let g be h(3). Suppose -3*a + 47 = 5*b, 1 + g = 5*b. Let s = a - 1. Is s a prime number?
True
Let n = 37820 - 3351. Is n a prime number?
True
Let q(z) = -2*z**3 - 6*z**2 - 2*z - 1. Is q(-9) composite?
True
Suppose -25383 = -5*g - m, 27*g - 2*m = 25*g + 10158. Is g prime?
True
Suppose 0 = -21*x + 16*x + 4105. Is x a composite number?
False
Suppose 14 = 5*w + 4. Suppose -65 = 4*c + z + 78, -w*c = 2*z + 70. Is 1589/6 + (-6)/c prime?
False
Let y be 5*((-18)/(-15))/(-3). Let p be y/(3 + 366/(-123)). Is 6/3 - (p - -1) a composite number?
False
Let h be (-165)/(-35) + 6/21. Suppose 5 - 10 = -h*n. Is (n*1028/4)/1 prime?
True
Let c(t) = 16*t**3 - 23*t**2 - 17*t + 23. Is c(15) prime?
True
Let p(w) be the third derivative of 1/3*w**4 - 1/60*w**6 - 7/60*w**5 - 5*w**2 + 0*w - 1/6*w**3 + 0. Is p(-6) a composite number?
False
Let t = 182481 - 109622. Is t composite?
False
Let m = 30313 - 11994. Is m prime?
False
Let f(p) = p - 8. Let w be f(8). Let l be (-511 - (3 + w))/(-1). Suppose 0 = -4*n - 138 + l. Is n prime?
False
Is 34/(-3)*(5 + 5830/(-20)) prime?
False
Let m(j) = 45*j - 7. Let c(b) = -181*b + 29. Let y(t) = -2*c(t) - 9*m(t). Let n be y(-3). Suppose 2*a = 4*a - n. Is a composite?
False
Let h be -10*(-2)/12*3. Is (-1)/5 + 78*97/h prime?
False
Suppose 3*i - 98506 = 4*h, -2*i + 26*h = 24*h - 65670. Is i composite?
True
Let g = -59 + 50. Let k = g - -64. Is k a prime number?
False
Let h be (0 + 0)*2/6. Suppose 2*t + 2*t = 2*k + 18, h = k - 3*t + 5. Is (k/(-2))/1*14 a composite number?
True
Suppose -w + 229 = -751. Suppose -y + 5*v + 204 = 0, -5*y + v = -4*v - w. Let p = y + -67. Is p composite?
False
Let r = -64 + 59. Let x(q) = -q**3 - 7*q**2 + q + 2. Let a(v) = -2*v**3 - 15*v**2 + 2*v + 3. Let y(g) = -3*a(g) + 7*x(g). Is y(r) a prime number?
False
Suppose -66444 = -4*v + 1552. Is v a prime number?
False
Suppose -5*s + 13923 = 3*t, -12*s + 7*s + 13915 = 5*t. Is s a composite number?
True
Suppose -4*i = x - 4773 - 261, 5*i + 10120 = 2*x. Is -3 - ((-5)/(-10) + x/(-4)) a prime number?
True
Let q(s) = -88*s**2 + 4*s - 4. Let t be q(1). Let y(d) = -2*d**3 + 5*d**2 - 4*d + 4. Let j be y(3). Let l = j - t. Is l prime?
True
Let z = 21362 - 7513. Is z composite?
True
Suppose 8 = -4*c, -5*b - c + 5907 = 3*c. Suppose 3*u - b = 794. Is u a prime number?
True
Let w(j) = 172*j**3 + 8*j**2 - 4*j - 123. Is w(8) composite?
True
Let x be 4604 + -3 + 5/5. Suppose x = 6*z - 20316. Is z a composite number?
False
Is 12/(-21) + (4 - (-42234)/42) composite?
False
Suppose 4*c - 48 = c. Suppose -2 = -2*m + 4*f - c, -2*f = -10. Suppose 0 = -4*s + m*j - 5*j + 356, -4*s = j - 356. Is s prime?
True
Let x = -25 - -15. Let k be (-3)/(5/x - 0). Suppose n + 3 = k, 3*n + 826 = 5*j. Is j a prime number?
True
Let o = -20 - -12. Let y = o + 12. Suppose -y*z + 376 + 388 = 0. Is z composite?
False
Suppose -5*b = -4*s - 44711, s + 20 - 16 = 0. Is b a prime number?
False
Suppose -4*w + 6 = 5*y, 2*w - 3*y = -5*y + 4. Suppose -3*a = -m + 109, 3*m + w*a - 6*a = 355. Is m composite?
True
Let s(n) = -3 - n - n**2 + 0 - n. Let v be s(-2). Is (-4)/(-6) + (-7)/v a composite number?
False
Let d(n) = 6*n**2 + 2*n + 21. Let x be d(-13). Suppose 6*u - 2237 = x. Is u a composite number?
False
Suppose 0 = 2*z - 2*o - 3*o - 16360, 0 = 2*z - 3*o - 16364. Is z prime?
False
Let z = -9 + 13. Suppose q = -d + 21, -z*q + 29 = 3*d - 29. Is d prime?
False
Suppose 7*v - 54010 + 15965 = 0. Is v prime?
False
Suppose 4*o + 80 = 7*o + 4*x, -4*o + 70 = -2*x. Let q(k) = 25*k - 53. Is q(o) prime?
False
Let u be -6*((-14)/(-6) + (-2)/1). Is -3 - (2 + u) - (-745 - 1) composite?
False
Let m = -90 - -92. Suppose 3270 = p + m*p + 3*q, 5*p = 2*q + 5429. Is p a prime number?
True
Let l(z) = -z**2 + 41*z + 1. Is l(16) a prime number?
True
Suppose -2*d + 5*k - 696 = 0, 0 = -d - 3*k - 176 - 150. Let j = -68 + 699. Let h = d + j. Is h a composite number?
False
Suppose -4*z - 4*x = -3*z + 61, -217 = 5*z - 2*x. Let o = z - -247. Suppose 1637 = 5*i + o. Is i a prime number?
False
Suppose -3*f - u = -5202, 0 = 2*f + 3*f - 4*u - 8687. Is f composite?
True
Let v(r) = -126*r - 16. Let i(n) = -63*n - 8. Let x(b) = -11*i(b) + 6*v(b). Suppose -2*d + 10 = -2*u - d, -5*u - 35 = -5*d. Is x(u) a composite number?
False
Let o be (6/4)/((-36)/(-48)). Suppose -23 = -2*y + k, -y - o*y = 4*k - 40. Is ((-15)/y)/((-3)/24) prime?
False
Let c(n) = 108*n - 41. Is c(4) composite?
True
Suppose 993 = -k + o, 0 = 3*k - 5*o + 2148 + 831. Is 3*3/(-27)*k a prime number?
True
Let u = 10 + -11. Let q be -458*6*u/4. Let r = q + -476. Is r composite?
False
Suppose 0 = -21*o + 17*o + 8. Suppose t - o*t = -4*i - 283, -5*i + 1216 = 4*t. Is t a prime number?
False
Is (-42)/(-6) + 849 - (5 + -2) a prime number?
True
Suppose -105*v = -84*v - 8022. Is v prime?
False
Is ((-217710)/7)/(-3) - 3/21 a prime number?
False
Is 6*(0/1 - 1) - -6979 a prime number?
False
Is -2*1255/(-10)*(-5)/(-1) composite?
True
Suppose -193*t = -197*t + 2228. Is t composite?
False
Let r = -4 - -45. Is (0 - 1 - (-4 + -2))*r composite?
True
Is 604686/(-124)*(0 - (-4)/(-6)) a composite number?
False
Let r(b) = -175*b - 9. Let f be r(-4). Suppose -f = -4*m + 713. Let t = 116 + m. Is t a prime number?
True
Let g(y) = 6*y**2 + 53*y + 26. Is g(19) a composite number?
True
Let y(b) = -b**2 - b. Let p(l) = 392*l**2 - 5*l. Let n(o) = p(o) - 5*y(o). Let u(k) = -k**2 + 7*k + 1. Let f be u(7). Is n(f) composite?
False
Let f = 2554 + 1623. Is f composite?
False
Let n = 320 + 3546. Suppose 3*q - 4*x = q + n, -4*q = -3*x - 7757. Is q prime?
False
Suppose 39*p - 15 = 36*p. Suppose -7*r + n = -9*r + 10816, -5*n + 27045 = p*r. Is r prime?
True
Suppose 24585 + 517854 = 9*h. Is h a composite number?
False
Let d be 25/(0 + (-1)/3). Let j = -266 - d. Let b = -132 - j. Is b prime?
True
Let s(z) be the first derivative of 6 - 2*z - 29/2*z**2. Is s(-9) prime?
False
Is ((-6)/(-18))/(1/3)*46261 a prime number?
True
Suppose -5*d + 5 = 0, -5*i + 2*d + 5280 = -3*d. Let x = i + -572. Is x a composite number?
True
Suppose 15*g - 6*g = 27. Suppose -g*f - 5*c = f - 874, 5*c + 1115 = 5*f. Is f a composite number?
True
Let o(v) = v**2 - 2*v - 3. Let k be o(-2). Suppose k*a + 6*p = 4*p + 34, -3*a - 5*p = -28. Is (-1 + 3 - a) + 557 a prime number?
False
Let z(c) = 6*c**2 - 5*c + 3. Let s = 10 + -6. Let i be 2/s - 7/(-2). Is z(i) a composite number?
False
Let w = -28591 + 42692. Is w composite?
True
Is (-4)/(-34) - (-5681663)/221 a composite number?
True
Suppose -3*i + 463 = 4*o,